 2961045913 a composite number?
True
Is 1550410759 prime?
False
Is 252847039 composite?
False
Is 684300781 a composite number?
False
Is 10203432071 composite?
True
Is 719252197 prime?
True
Is 154765925903 composite?
False
Is 95994352963 composite?
True
Is 236283983641 prime?
False
Is 125080165919 a prime number?
False
Is 3451369739 composite?
False
Is 735443297 prime?
False
Is 1738107647 composite?
True
Is 1013623423 composite?
False
Is 111268226297 a composite number?
True
Is 1923019429 prime?
False
Is 568926227 a composite number?
True
Is 361028653 a composite number?
False
Is 17134204013 a composite number?
True
Is 1607922637 composite?
False
Is 1747965451 a composite number?
False
Is 1037747989 composite?
True
Is 18104003 composite?
True
Is 18892211677 prime?
False
Is 480847583 a composite number?
False
Is 8151225307 composite?
True
Is 7156793477 composite?
True
Is 128032074301 prime?
True
Is 48824803 prime?
True
Is 82293179 a prime number?
True
Is 20616095947 composite?
False
Is 7977180971 prime?
True
Is 5569386259 composite?
False
Is 11025982897 a prime number?
False
Is 758150509 prime?
False
Is 30085396513 a prime number?
False
Is 1533492137 a composite number?
False
Is 108747670319 composite?
True
Is 1490784833 a prime number?
True
Is 1762910033 a composite number?
True
Is 12328645597 composite?
False
Is 9884400173 prime?
True
Is 138697317251 a composite number?
True
Is 133659588269 composite?
True
Is 841253269 a prime number?
False
Is 1511699989 a composite number?
False
Is 9151316933 a composite number?
True
Is 677091685 a composite number?
True
Is 809564947 a composite number?
False
Is 805495331 a composite number?
True
Is 7817128079 composite?
False
Is 2332467859 composite?
False
Is 739179719 composite?
False
Is 16608769 a prime number?
False
Is 1843481663 a composite number?
False
Is 1222559051 a prime number?
False
Is 50288767729 a composite number?
False
Is 40962133961 composite?
True
Is 6000654547 a composite number?
True
Is 2282588569 a composite number?
False
Is 61035674407 composite?
False
Is 74348811179 a prime number?
True
Is 339553859 a prime number?
True
Is 10583449159 a composite number?
True
Is 56252450971 a prime number?
True
Is 2004004087 a composite number?
False
Is 33683901659 composite?
True
Is 258151631 a composite number?
False
Is 82203918977 a composite number?
True
Is 1142440381 composite?
False
Is 68260900427 a prime number?
True
Is 3864827689 composite?
True
Is 9847346363 a prime number?
True
Is 35463650821 a composite number?
False
Is 576605606 a prime number?
False
Is 4967372849 prime?
True
Is 815420625863 prime?
True
Is 9476467157 a composite number?
True
Is 3532601179 a composite number?
False
Is 7854355843 a prime number?
True
Is 3958058953 a composite number?
False
Is 716247690407 a prime number?
True
Is 3439589273 composite?
True
Is 427863343 a composite number?
False
Is 9008460611 a composite number?
False
Is 5682470617 a composite number?
False
Is 91919812745 a composite number?
True
Is 1950574669 prime?
False
Is 3226656401 prime?
False
Is 24913157123 a prime number?
False
Is 4346085673 composite?
True
Is 2710206953 prime?
False
Is 65313883 composite?
True
Is 15743996123 a composite number?
True
Is 1315893913 composite?
False
Is 34645497763 composite?
False
Is 183546123797 a prime number?
True
Is 4800922887 a prime number?
False
Is 29778268733 prime?
False
Is 520921796357 a prime number?
True
Is 61814009863 a prime number?
True
Is 2495594099 a composite number?
True
Is 1382541947 a prime number?
True
Is 1009895669 a prime number?
True
Is 93400010771 prime?
False
Is 32686527617 prime?
True
Is 5535960263 a prime number?
True
Is 206725469 a prime number?
False
Is 601293151 composite?
True
Is 1101790619 a prime number?
False
Is 5437578683 a prime number?
False
Is 34959109287 a composite number?
True
Is 2832896263 a composite number?
True
Is 3668708891 prime?
True
Is 8599337113 a prime number?
False
Is 3863021417 prime?
True
Is 234317383 composite?
True
Is 59428069873 prime?
False
Is 498219655 a composite number?
True
Is 5485035541 prime?
True
Is 349229341 prime?
True
Is 1645090309 a composite number?
True
Is 916070929 a composite number?
True
Is 13202614015 a composite number?
True
Is 71880106033 a composite number?
False
Is 8568191483 a composite number?
True
Is 540298519 prime?
False
Is 2428650929 composite?
True
Is 98352997 a composite number?
True
Is 576165691 prime?
True
Is 14279619589 a composite number?
True
Is 54242178241 a composite number?
False
Is 2262644107 prime?
False
Is 8136124915 a prime number?
False
Is 11858169821 prime?
True
Is 674620873 a prime number?
True
Is 18858921387 prime?
False
Is 4644522437 prime?
True
Is 44659518353 composite?
True
Is 5834902063 a prime number?
True
Is 20975993123 a prime number?
False
Is 1017028003 a composite number?
True
Is 92667046067 composite?
False
Is 158974897 a prime number?
False
Is 400207903 a prime number?
True
Is 1433509717 prime?
False
Is 73694791603 a prime number?
True
Is 1138152453 a composite number?
True
Is 17965528809 a prime number?
False
Is 10864354481 composite?
True
Is 394527443 a prime number?
False
Is 36338675369 prime?
True
Is 265713919 a prime number?
False
Is 84381607 prime?
False
Is 29510372587 prime?
True
Is 23674908293 a composite number?
False
Is 2563215467 a prime number?
False
Is 30199770131 a composite number?
False
Is 63458077 composite?
True
Is 2991980389 prime?
True
Is 3495935227 a composite number?
True
Is 7660144007 composite?
True
Is 85620889 a composite number?
True
Is 1290470413 composite?
False
Is 21487360637 prime?
False
Is 14536776601 a prime number?
True
Is 272484881 a prime number?
True
Is 388794521 a composite number?
True
Is 1214967074 prime?
False
Is 2429581501 prime?
False
Is 99478432849 a prime number?
True
Is 232616717 a prime number?
True
Is 80827522843 a prime number?
False
Is 44883626329 a prime number?
False
Is 1131548527 composite?
False
Is 197108039 composite?
True
Is 17280294463 a prime number?
False
Is 40705645273 a prime number?
False
Is 5236434167 prime?
True
Is 427836377 a prime number?
True
Is 4329441737 composite?
False
Is 1042172405 a prime number?
False
Is 19630472909 composite?
True
Is 4213872371 a prime number?
False
Is 196756073 a prime number?
True
Is 2049861823 a composite number?
True
Is 15668057483 composite?
True
Is 1739321869 a prime number?
False
Is 1216570679 prime?
True
Is 52599371983 prime?
True
Is 6302602949 a prime number?
True
Is 11564149981 a prime number?
True
Is 89118517 a composite number?
False
Is 35681880491 composite?
False
Is 5281970411 a composite number?
True
Is 365320211 a composite number?
True
Is 1968855169 composite?
True
Is 27650279557 prime?
False
Is 112235503603 prime?
True
Is 9700367 a prime number?
False
Is 11729354359 prime?
True
Is 10698825541 a composite number?
True
Is 72001207939 composite?
True
Is 125536166617 a composite number?
False
Is 23180736043 a prime number?
False
Is 82220348753 a prime number?
True
Is 5802646901 a composite number?
False
Is 26375625733 prime?
True
Is 26516120173 prime?
False
Is 1860757117 prime?
False
Is 17418068279 composite?
False
Is 125646770497 a composite number?
False
Is 5358788243 prime?
True
Is 28382130419 a prime number?
True
Is 26233398123 prime?
False
Is 356827855 a composite number?
True
Is 93735951 a prime number?
False
Is 232231157 prime?
False
Is 23207287645 a composite number?
True
Is 3748630867 composite?
False
Is 17889292787 a prime number?
True
Is 1083000889 a composite number?
True
Is 62679536509 a prime number?
True
Is 15469675927 prime?
False
Is 8877057289 prime?
False
Is 63863784047 composite?
True
Is 1670159081 a composite number?
False
Is 946759999 prime?
True
Is 1149510707 composite?
True
Is 34953600049 a prime number?
True
Is 371905843 composite?
False
Is 1191799409 a composite number?
False
Is 833512081 a prime number?
True
Is 701984489 a composite number?
True
Is 7573178341 a prime number?
False
Is 11545898437 a composite number?
False
Is 1652526737 a composite number?
False
Is 48260433241 a composite number?
False
Is 1186706639 composite?
False
Is 902314999 composite?
True
Is 7363388971 a prime number?
False
Is 42086616911 a composite number?
False
Is 20377087 a composite number?
False
Is 